8)/(-10) + 450/375?
1
Suppose -2*r - 16*a + 796 = -18*a, 5*a = -4*r + 1637. What is the units digit of r?
3
Suppose 0 + 20 = 2*j. Let n be (-4)/(-14) + j/14. Suppose n = w - 6. What is the units digit of w?
7
What is the tens digit of (1 - -4)/(-20) + 663/12?
5
Suppose v + v - 8 = 0. Let n = -20 - -32. Let s = n - v. What is the units digit of s?
8
What is the thousands digit of 85/51*(-37071)/(-15)?
4
Suppose -5*r + 92 = -4*p - r, -12 = 4*r. Suppose 3*j - 114 = j. Let t = p + j. What is the tens digit of t?
3
Let s(h) = -10*h**3 + 3*h - 2*h**2 - 9*h**3 + 42*h**3 - 1. What is the units digit of s(2)?
1
Let x = 538 - 320. Suppose -x = -5*p - 3*s, -5*s + s - 154 = -3*p. What is the units digit of (-12)/(-8) + p/4?
3
Let h be (-5)/(-10) - 3/(-2). Suppose -h*b - 72 - 4 = 0. Let p = b + 83. What is the units digit of p?
5
Let h(d) = -3*d - 12. Let w be h(-4). Suppose -2*z - 4*x - 660 = w, 3*z + 4*x = -1101 + 105. What is the tens digit of z/(-20) - 1/(-5)?
1
Suppose -25*j - 24905 = -30*j. What is the units digit of j?
1
Let a = 7 + -2. Suppose 3*w + 4*k - 89 = -0*w, 2*k = -a*w + 139. Suppose 87 = 3*i + w. What is the tens digit of i?
2
Let a = -19 + 27. Let g = a - -5. Suppose 0 = -10*w + g*w - 48. What is the tens digit of w?
1
Suppose 0 = -2*s + 21 - 3. Suppose -s*z + 282 + 6 = 0. What is the tens digit of z?
3
Let l(r) = r**2 - 2*r - 5. Let s be l(5). Let x be (-2 - -3)*s*2. What is the units digit of (32/(-20))/((-1)/x)?
2
Let t be (2/6)/((-7)/(-1491)). Suppose d = 4*d - c - t, 3*c = -6. What is the tens digit of d?
2
Let l be 1/(1/8*1). Let c(f) = -f**3 + 9*f**2 - 7*f + 9. Let i be c(l). Let m = i - 0. What is the units digit of m?
7
Let v(r) be the third derivative of -9*r**4 + r**3/2 + 13*r**2 - r. What is the tens digit of v(-1)?
1
Let b(f) = 758*f**3 - 4*f + 3. What is the units digit of b(1)?
7
Suppose -5*s + 84 = -f, f - 18 = 4*s - 5*s. Suppose -14*a + s*a - 129 = 0. What is the units digit of a?
3
Suppose t = 3*g - 152, 3*t - 31 = -4*g + 150. Let k = 67 - g. What is the units digit of k?
8
Let j be (-168)/(-44) - 1 - (-2)/11. Suppose 0 = -j*f + q + 81, 0 = -3*f - 0*q - 2*q + 72. What is the tens digit of f?
2
What is the tens digit of (591/(-6)*3)/((-4)/24)?
7
Let c = -9 - 10. Let x = 18 + c. What is the units digit of x/((-2 - -5)/(-15))?
5
Let z = 5 - 1. Suppose 24 = z*l + 8. Suppose 0 = -2*r - 7*u + l*u + 7, 0 = r + 4*u + 4. What is the units digit of r?
8
Let l = -476 - -931. What is the tens digit of l?
5
What is the tens digit of (1459/5 - -2) + 40/(-50)?
9
Suppose 0 = -2*d + 10, 4*p - 6062 = -d + 3*d. What is the hundreds digit of p?
5
Suppose 35243 + 33527 = 23*c. What is the units digit of c?
0
What is the hundreds digit of 10/8 + 9993/(-84)*-7?
8
Let k(x) = 3*x**2 + 25*x + 19. Let o(t) = 2*t**2 + 25*t + 20. Let f(d) = 5*k(d) - 6*o(d). What is the units digit of f(12)?
7
Let l(w) = w**3 - 4*w**2 + w. Let r be l(4). Suppose r*j + 5*a + 65 = 0, j - a = -4 - 1. What is the tens digit of 12/(-30) - 134/j?
1
Suppose 0 = 5*o - 4*c - 294 - 74, -c - 2 = 0. Suppose -d = -2*d, -4*s - 4*d = -o. Let r(p) = p - 8. What is the tens digit of r(s)?
1
Let z be 29/(-9) - (-8)/36. Let q be z + 3 - (0 - 1). What is the units digit of 10/(-2*(-1)/q)?
5
Let r = -17 + 17. Let h(w) = w**2 - w + 51. What is the units digit of h(r)?
1
Let z(t) = -t**2 - 4. Let v be z(-3). Let h = v - -13. Suppose 5*i + 7 - 102 = h. What is the tens digit of i?
1
Suppose -13 = -7*j + 15. Suppose -2*r - 3 = p + j*p, 15 = r - 3*p. What is the units digit of r?
6
Let j(i) = 950*i - 44. What is the hundreds digit of j(1)?
9
Let b(q) = -15*q + 2*q - 5*q - 12. What is the tens digit of b(-8)?
3
Let q(g) = -6*g**3 - 12*g**2 - 58*g - 3. What is the hundreds digit of q(-6)?
2
Suppose h + 2 = -2. What is the units digit of 5/30*h*-69?
6
What is the tens digit of 8/(-3)*(-82635)/70?
4
Let y be ((0 + -1)*0)/(10 + -7). Suppose -2*o + 5*d + 1 = y, 0 = -2*o + 7*o - 4*d - 28. What is the units digit of o?
8
Let n(b) = b - 5. Let v be n(9). Suppose v = 3*r - g, -2 = g - 2*g. Suppose -4*o - 6 = r*x - 82, o = -4*x + 19. What is the units digit of o?
9
Let c(q) = -84*q + 15*q**3 + 6*q**2 - 7*q**2 + 80*q + 6*q**3. What is the hundreds digit of c(2)?
1
Suppose 5*a - 2095 = q - 6*q, -2*a + 841 = q. What is the units digit of a?
2
Let n(c) = 15*c**2 + c + 1. Let t be n(-1). Let u be -5*(114/t + 4). Let f = -10 - u. What is the tens digit of f?
4
Let z = 32 + 648. What is the tens digit of z?
8
Suppose 2*s = 22*t - 17*t - 423, 4*t - 324 = -2*s. What is the units digit of t?
3
Let n(p) = -3*p**3 - 4*p**2 - 25*p - 57. What is the thousands digit of n(-8)?
1
Let v = -3018 + 6497. What is the tens digit of v?
7
Let t be (-2)/3*(-15)/(-10). What is the tens digit of t*(-5)/(-5) + 29?
2
Let r = 2304 + -1599. What is the units digit of r?
5
Let a(d) = -d - 4. Let k be a(-6). Suppose -4*q + 20 = -4*p, 5*q - p = -k*p + 13. What is the tens digit of (40/6)/(1/q)?
2
Suppose -2*a - 52 = -230. What is the units digit of a?
9
What is the units digit of 59424/24*(3/(-4) - -1)?
9
What is the tens digit of 4/22 + 69984/594?
1
Let i(c) = 3 + 2*c**2 - c + 9*c**2 - 2*c - 1. Let n be i(3). Suppose -6*h + n = -2*h. What is the tens digit of h?
2
Let m = 697 + 555. What is the tens digit of m?
5
Let s(w) be the first derivative of -13*w**2/2 + 32*w + 47. What is the hundreds digit of s(-11)?
1
Let h = 9 - -8. Let w = h - 5. Let j = w + 18. What is the tens digit of j?
3
Suppose -4*c + 2*g + 3854 = 0, -c = g - 430 - 535. What is the tens digit of c?
6
Let q(y) = -y**2 - 12*y + 13. Let d be q(-13). Suppose -144 = -3*l - d*l. What is the units digit of l?
8
Suppose 0 = -13*t - 8*t + 966. What is the tens digit of t?
4
Let d(x) = -5*x**3 - 5*x**2 - 2*x + 3. Let u be d(3). Suppose -15 = -7*p + 2*p. What is the tens digit of u/(-9) + 2/p?
2
Suppose -20 = -7*g + 9*g. Let q = g + 1. What is the tens digit of 15 - (-3 + q/(-3))?
1
Let a be -18 + -1 + 8/2. Let u = a + 15. Suppose 4*f = -o + 48, 2*o = -f - u*f + 68. What is the units digit of o?
2
Suppose 0 = 5*k + 2*u - 7158, 20*u - 19*u = 3*k - 4297. What is the thousands digit of k?
1
Let y(k) = k**2 - k + 1. Let j(p) = 6*p**2 - 9*p - 13. Let z(d) = j(d) - 5*y(d). What is the tens digit of z(-6)?
4
Let y = 860 - 487. What is the units digit of y?
3
Suppose v = -2*y - 30 - 32, 170 = -3*v - 2*y. What is the units digit of (-12570)/v - (-2)/9?
3
Let l(w) = w**2 + 8*w + 3. Let n = -12 + 7. Let q be l(n). What is the units digit of -16*(1 + 27/q)?
0
Let p = 72 - -110. Suppose 5*t - 2*t - 3*g = 135, 4*t - p = 5*g. What is the units digit of t?
3
Suppose v - 10 = -0*o - o, 5*o = 2*v + 15. Let p be (28/v)/(4/(-20)). Let j = p + 46. What is the tens digit of j?
1
Let p(o) = -o**3 + 14*o**2 + 38*o - 26. What is the hundreds digit of p(15)?
3
Let j = -5 + -1. Let p be (-153)/j - (-3)/(-2). Suppose -1 - 25 = -g - 4*i, -g + p = 3*i. What is the units digit of g?
8
Let t(i) = 20*i**3 + 7*i**2 - 27*i + 9. What is the hundreds digit of t(4)?
2
Let z(g) = 0*g + 14 - 7*g - 8*g. What is the tens digit of z(-5)?
8
Let j be 2/10 + 132/(-10). Let s = 22 + j. Let b = s + 20. What is the units digit of b?
9
What is the units digit of (-2)/((-6)/(-9)) - -729?
6
Let k = -8 + -15. Let s(w) = -5*w + 45. What is the tens digit of s(k)?
6
Suppose -10*q + 909 = -251. Let c = q + -63. What is the tens digit of c?
5
Let n(y) be the first derivative of -7*y**4/4 + y**3 - y + 4. What is the tens digit of n(-2)?
6
Let j(b) be the third derivative of -b**6/24 + b**5/60 + b**4/24 + 5*b**3/6 + 24*b**2. What is the hundreds digit of j(-3)?
1
Suppose 0 = x + x + 8. Let z be 5*x/40*-4. Suppose j - 66 = -z. What is the units digit of j?
4
Suppose 9*d = 2*d + 147. Let l = 66 - d. What is the tens digit of l?
4
Let z be ((-20)/(-3))/((-4)/(-12)). Let o be 15/z + 141/4. What is the units digit of (-326)/(-8) - 27/o?
0
Let o(k) = -2*k**3 - 2*k**2 + 5*k - 4. Let m be o(3). Suppose 6*j - s = 2*j + 474, -2*j - 2*s + 232 = 0. Let g = j + m. What is the tens digit of g?
5
Suppose -3927 = -269*r + 262*r. What is the units digit of r?
1
Suppose 2*c = c + 9. Suppose 144 = c*i - 6*i. What is the units digit of i?
8
Suppose 3*k - 27*t - 9013 = -32*t, -4*t + 12020 = 4*k. What is the tens digit of k?
0
Let i be 0*((-3)/(-2) + -2